 digit of a?
3
Let t = 3273 + 3027. What is the thousands digit of t?
6
Let n = -1698 + 1708. Let y(u) = u - 6. Let z be y(6). Suppose -5*d + z*r = -r - n, d = r + 6. What is the units digit of d?
1
Let t = -89725 - -174044. What is the units digit of t?
9
Let i(z) = -2*z**3 - 2*z + 7. Let t be i(-3). Suppose 8 + t = 3*d. What is the units digit of (-1)/(1/4) + d?
1
Let q = -117 - -154. Suppose -q*z + 14938 = -23*z. What is the hundreds digit of z?
0
Suppose -2*u - 897 = 13. Let q = -357 - u. What is the units digit of q?
8
Let z = 285 - 285. Suppose z = 104*s - 99*s - 835. What is the tens digit of s?
6
Let v(m) = 111*m + 114. What is the tens digit of v(48)?
4
Suppose s + 0*g + 18 = 2*g, -2*g = 3*s + 14. Let j be (-3)/(-6) - (76/s - 3). Let y = j + 112. What is the units digit of y?
5
What is the ten thousands digit of (-6 - (-2713149)/63) + (-8)/(-7)?
4
Let a(u) be the second derivative of -347*u**3/6 + 7*u**2 + 3*u. What is the hundreds digit of a(-1)?
3
Let l(q) = 2*q - 42. Let g be l(21). Suppose g = -0*b - 5*b + 50. Suppose y = b + 40. What is the units digit of y?
0
Suppose -299 = 5*n - 869. Let u(m) = -m**2 - 16*m - 30. Let c be u(-17). Let h = n - c. What is the hundreds digit of h?
1
Let o(i) = -i**3 - 23*i**2 - 16*i + 436. What is the thousands digit of o(-29)?
5
Let o(y) = -y**3 + 8*y**2 + 9*y + 4. Let v = 125 + -27. Let p be 7/(-56) + v/16. What is the units digit of o(p)?
0
What is the ten thousands digit of (-25607)/(11*(-18)/198)?
2
Suppose -b - 2*s + 2825 = 0, 5*b - 5*s + 10*s - 14140 = 0. Suppose -5*c - 14*c + b = 0. What is the tens digit of c?
4
Suppose 0 = a - 5, 24 - 9 = 5*j - 5*a. Let d(v) = 18*v**2 - 1 - 18*v**2 + j*v**2. What is the tens digit of d(3)?
7
Let n(t) = 29*t**2 + 46*t + 684. What is the tens digit of n(-23)?
6
Suppose 1540980 = 115*f - 15*f - 277320. What is the hundreds digit of f?
1
Let n = 21 - 10. Suppose 3*o + 9*a - 2050 = n*a, 1365 = 2*o - 3*a. What is the units digit of o?
4
Let k(p) = 45*p + 1133. What is the thousands digit of k(69)?
4
Let m be 1/5 - (-264)/55. Suppose m*u = -1468 + 4018. What is the tens digit of u?
1
Suppose -20*g + 4098 = -22742. Suppose -2*d = 5*s - 3513, -2*s - g = -2*d + 2164. What is the thousands digit of d?
1
Suppose 2*f + 4*j = 35252, 163*f - 160*f - 4*j = 52838. What is the thousands digit of f?
7
Let w(g) = -174*g + 546. What is the hundreds digit of w(-12)?
6
Suppose -340*m + 338*m = 5*p - 1741, 0 = p - 4*m - 335. What is the units digit of p?
7
Suppose 6*t - 3651 = 56145. What is the tens digit of t?
6
Suppose b - 6*b + 29530 = -18940. What is the hundreds digit of b?
6
Let a = 13963 + -110. What is the thousands digit of a?
3
Let y(z) = -2*z**3 + 27*z**2 + 65*z + 627. What is the units digit of y(-18)?
9
Suppose 5*p - 5 = 3*v, -5*v + 2*v - 4*p = -4. Let u(c) = 15*c + 46 + 132 - 10*c. What is the units digit of u(v)?
8
Suppose -5*d - 123 = g + 2*g, -g = 5*d + 121. Let s be 1*64/d + 1/(-3). Let i(x) = -x**3 + 3*x**2 + 6*x + 3. What is the units digit of i(s)?
9
Let c be (-21)/(15/(-6) - -1). Let y be 6/(-8) - c/(-8). What is the units digit of (32/10)/(y/5)?
6
Suppose 102 = 2*h + 3*h - c, 2*h = -3*c + 51. Suppose 3*v - h - 6 = 0. What is the hundreds digit of 164 - (-2 + -4 + v)?
1
Let h be (-1 - 33/(-21))*7/(-2). Let v(c) be the second derivative of -55*c**3/6 - 13*c**2/2 - c. What is the units digit of v(h)?
7
Let c be 116 + -4 + 7 + -3. Suppose -3*q + c = -7*q. Let o = q - -134. What is the hundreds digit of o?
1
Let p be 16/5 + 5/125*-5. Suppose p*d + d - 20 = 0. Suppose -d*v = -4*g + 2*g + 183, -2*g - v + 201 = 0. What is the units digit of g?
9
Let o = -460 + 521. What is the tens digit of 3389/6 + (-10 - o/(-6))?
6
Let k = 41 - 57. Let i = -7 - k. What is the units digit of 2 - 2*i/(-6)?
5
Let t(b) = 8*b**2 + 29*b - 27. Let l = 143 + -135. What is the units digit of t(l)?
7
Suppose -z + 4*a - 2369 + 346 = 0, -2*z + 5*a - 4034 = 0. Let p be (6/9)/(-1 + (-2013)/z). Let k = p - 127. What is the tens digit of k?
9
Suppose 4*o - 5*o + 2*h + 14206 = 0, 4*h = -o + 14176. Suppose -o = 6*r - 34*r. What is the units digit of r?
7
Suppose 0 = -22*j + 58*j - 1094148. What is the hundreds digit of j?
3
Let x = 20 - 15. Let h be (2/(-4))/(x/40). What is the tens digit of (-236)/h + (-15)/5?
5
Suppose -5*x = -0*x - 4*i - 190, 5*x + 2*i = 220. Let v = 44 - x. Suppose 2*n + 27 = q - 8, 0 = v*q + 5*n - 79. What is the units digit of q?
7
Let w = 402 - 400. Suppose 50*s - 20124 = -w*s. What is the tens digit of s?
8
Let b be (-567)/(-4 - -3) - (-30)/(-6). Let i = b + -217. What is the hundreds digit of i?
3
Suppose -114*i + 1173575 = 433601. What is the units digit of i?
1
Let f(p) = -8*p**2 + 347*p + 60. What is the units digit of f(34)?
0
Suppose 3 = -b + 4*m - 6, -4*m = -12. Suppose -b*q + 163 + 161 = 0. Let k = q - 41. What is the units digit of k?
7
Let m be (-2805)/105 - (1 + 10/(-14)). Let l = m + 27. Suppose 0 = 5*p - 2*w - 651, 0 = 2*p + w - l*w - 264. What is the hundreds digit of p?
1
Suppose 4 = 4*h - 12. Suppose b + 1 + 1 = 0, -2*i = -2*b + h. What is the units digit of 2 - (-59 + 3) - i/(-2)?
6
Suppose 0 = -r - 1, -4*j + 38*r - 39*r = -30519. What is the units digit of j?
0
Suppose -5*c - 32348 = -2*y, 26*y + 4*c - 3*c - 420656 = 0. What is the thousands digit of y?
6
Suppose 20 = -5*u + 60. What is the tens digit of (-20)/u + 5439/14?
8
Let l(a) = -1421*a - 13. Let p be (-3*2)/(-2)*(-6 + 5). Let b be l(p). What is the tens digit of -2 - (4/(-10))/(10/b)?
6
Let n = 36 - 45. Let t = n + -5. Let k(z) = 2*z**2 + 20*z - 14. What is the tens digit of k(t)?
9
Let z = 42 - 40. Suppose -2*m + 5*f - 1 = 0, -f + 1 + z = 0. Let x(k) = k**2 + 3*k + 14. What is the units digit of x(m)?
4
Suppose -o = -5*q + 69, -2*q - 3*q - 5*o = -75. Suppose q*c = 7*c + 721. What is the hundreds digit of c?
1
Suppose -5*z = 2*p - 66, z + 4 = p - 29. Suppose p*q + 440 = 38*q. Suppose s + s - q = 0. What is the tens digit of s?
4
Let k be -1 + 0 + (-4)/((-4)/43). Let o be (-2302)/14 - (-18)/k. Let m = o + 373. What is the tens digit of m?
0
Suppose 15*w - h - 91 = 11*w, w + 4*h = 10. What is the tens digit of (-4)/w - (-64675)/275?
3
What is the thousands digit of (1/(-1))/((-5)/(-25)) + 6797?
6
Let x(u) = -12*u + 2. Let v be x(1). Let n = v + 96. What is the tens digit of n?
8
Suppose 6*t - 18*x + 21*x - 137361 = 0, 4*t + 4*x - 91572 = 0. What is the tens digit of t?
9
Let d be (-1)/((-2)/(-3) - (-28)/84). Let h(f) = 189*f**2 - 21*f - 21. What is the hundreds digit of h(d)?
1
Suppose -5*j = 7*m - 55588, -2*j = 5*m - 0*m - 39701. What is the units digit of m?
9
Suppose 12*q = 7*q + 30, -4*b = 4*q - 6492. What is the units digit of b?
7
Let v be 4 + (4/(-3) - (-27237)/63). Let p = -429 + v. What is the units digit of p?
6
Suppose 4*y - 5*m - 34 = 0, -3*m - 10 - 26 = -5*y. Suppose 0 = -11*f + y*f + 5. What is the hundreds digit of 112 + (3/f)/(-3)?
1
Let z(h) = 987*h - 1893. What is the ten thousands digit of z(13)?
1
Let r = 73 + -68. Let v(m) = -6 + 5*m + r - 12 + m. What is the units digit of v(6)?
3
Suppose 2680689 = 157*c - 2054274. What is the thousands digit of c?
0
Suppose 0 = -3*x + 16394 + 6545 - 5686. What is the units digit of x?
1
Let i(n) = -10*n - 2. Let q(k) = k**3 - 5*k**2 + 2*k + 7. Let u be q(4). Let w be ((-21)/(-6))/(u/2). What is the tens digit of i(w)?
6
Suppose -5*s = -4*t + 42648, 685 - 11346 = -t + s. What is the thousands digit of t?
0
Let n(k) = 12*k - 65. Let l be n(8). Suppose 19 = -6*g + l. What is the hundreds digit of 40*(-3 + 11/g)?
1
Let g = 194 + -187. What is the units digit of 7/(-1) - (-4529)/g?
0
What is the hundreds digit of ((-30640)/(-6))/((-308)/(-462))?
6
Let v be (-20)/10 + (10 + -1)/1. Suppose -v*p + f - 2509 = -9*p, 1 = f. What is the tens digit of p?
5
Let z(n) be the third derivative of 7/30*n**5 + 11/6*n**3 + 1/24*n**4 + 0*n + 6*n**2 + 0. What is the tens digit of z(-4)?
3
Let q be 9*19/((-38)/(-240)). Let o = 1540 - q. What is the tens digit of o?
6
Let f = 44 + -29. Let o be 4/(100/f)*5. Suppose 15 = o*a, 2*z + 3 = 3*z - 5*a. What is the tens digit of z?
2
What is the tens digit of (2 - 1535)/((-4)/(-4) - 6/5)?
6
Let g(f) be the first derivative of 34*f**3 - f**2/2 - 4*f - 10. What is the tens digit of g(2)?
0
Let z(b) = -b**3 + 22*b**2 - 11